{"id":449,"date":"2009-11-09T22:41:00","date_gmt":"2009-11-09T21:41:00","guid":{"rendered":"http:\/\/lioso.net\/?page_id=449"},"modified":"2009-12-08T18:50:52","modified_gmt":"2009-12-08T17:50:52","slug":"2%c2%ba-curso","status":"publish","type":"page","link":"https:\/\/lioso.net\/?page_id=449","title":{"rendered":"2\u00ba Curso"},"content":{"rendered":"<p>Las asignaturas de segundo curso<\/p>\n<p>CDS<\/p>\n<ul>\n<li><span style=\"font-family: Arial,Arial,Helvetica;\"><a href=\"http:\/\/lioso.net\/wp-content\/uploads\/2009\/11\/cds.zip\">Formulario 1<\/a> Por Micarro (<\/span><span style=\"font-family: Arial,Arial,Helvetica;\"><em>Parte del Temario<\/em>)<\/span><\/li>\n<li><span style=\"font-family: Arial,Arial,Helvetica;\"><a href=\"http:\/\/lioso.net\/wp-content\/uploads\/2009\/11\/cds2.zip\">Formulario 2<\/a> Por Pau (<\/span><span style=\"font-family: Arial,Arial,Helvetica;\"><em>Teor\u00eda para hincharte!!<\/em>)<\/span><\/li>\n<li><span style=\"font-family: Arial,Arial,Helvetica;\"><a href=\"http:\/\/lioso.net\/wp-content\/uploads\/2009\/11\/cdslio.zip\">Formulario 3<\/a> Por Lioso + Micarro + Pau (<em>Lo anterior mas mis retoques y todo en formato t49 para que no de fallos)<\/em><br \/>\n<\/span><\/li>\n<\/ul>\n<p>Teoria de m\u00e1quinas y mecanismos<\/p>\n<ul>\n<li><a href=\"http:\/\/lioso.net\/wp-content\/uploads\/2009\/11\/maquinas.zip\">Formulario<\/a> Por Micarro (<em>Todo el Temario<span style=\"font-family: Arial,Arial,Helvetica;\">. E<\/span>l archivo<strong> T1a8<\/strong> no se puede editar con el WinHP,        simplemente meterlo en la calculadora con PC Connectivity Kit)<\/em><\/li>\n<\/ul>\n<p>Termodin\u00e1mica<\/p>\n<ul>\n<li><a href=\"http:\/\/lioso.net\/wp-content\/uploads\/2009\/11\/termodinamica.zip\">Formulario<\/a> Por Micarro (<span style=\"font-family: Arial,Arial,Helvetica;\"><em>Hecho la tarde d antes deprisa y corriendo<\/em>)<\/span><\/li>\n<\/ul>\n<p>Fundamentos de los materiales<\/p>\n<ul>\n<li><span style=\"font-family: Arial,Arial,Helvetica;\"><a href=\"http:\/\/lioso.net\/wp-content\/uploads\/2009\/11\/fundmater.zip\">Formulario<\/a> Por Pau(<em>F\u00f3rmulas de los 9 primeros temas <strong>NOTA<\/strong>: No dejan (o x lo menos antes)      la HP<\/em>)<\/span><\/li>\n<li><span style=\"font-family: Arial,Arial,Helvetica;\"><a href=\"http:\/\/lioso.net\/?p=201\">Pr\u00e1cticas<\/a><br \/>\n<\/span><\/li>\n<\/ul>\n<p>Por ahora esto. Si quer\u00e9is a\u00f1adir cosejas hac\u00e9rmelo saber<\/p>\n<p><span style=\"font-family: Arial,Arial,Helvetica;\"> <!--mstheme--><\/span><\/p>\n<p><!--mstheme--><\/p>\n","protected":false},"excerpt":{"rendered":"<p>Las asignaturas de segundo curso CDS Formulario 1 Por Micarro (Parte del Temario) Formulario 2 Por Pau (Teor\u00eda para hincharte!!) Formulario 3 Por Lioso + Micarro + Pau (Lo anterior mas mis retoques y todo en formato t49 para que no de fallos) Teoria de m\u00e1quinas y mecanismos Formulario Por Micarro (Todo el Temario. El [&hellip;]<\/p>\n","protected":false},"author":3,"featured_media":0,"parent":438,"menu_order":3,"comment_status":"open","ping_status":"open","template":"","meta":{"ngg_post_thumbnail":0,"footnotes":""},"_links":{"self":[{"href":"https:\/\/lioso.net\/index.php?rest_route=\/wp\/v2\/pages\/449"}],"collection":[{"href":"https:\/\/lioso.net\/index.php?rest_route=\/wp\/v2\/pages"}],"about":[{"href":"https:\/\/lioso.net\/index.php?rest_route=\/wp\/v2\/types\/page"}],"author":[{"embeddable":true,"href":"https:\/\/lioso.net\/index.php?rest_route=\/wp\/v2\/users\/3"}],"replies":[{"embeddable":true,"href":"https:\/\/lioso.net\/index.php?rest_route=%2Fwp%2Fv2%2Fcomments&post=449"}],"version-history":[{"count":0,"href":"https:\/\/lioso.net\/index.php?rest_route=\/wp\/v2\/pages\/449\/revisions"}],"up":[{"embeddable":true,"href":"https:\/\/lioso.net\/index.php?rest_route=\/wp\/v2\/pages\/438"}],"wp:attachment":[{"href":"https:\/\/lioso.net\/index.php?rest_route=%2Fwp%2Fv2%2Fmedia&parent=449"}],"curies":[{"name":"wp","href":"https:\/\/api.w.org\/{rel}","templated":true}]}}