{"id":453,"date":"2009-11-09T22:42:33","date_gmt":"2009-11-09T21:42:33","guid":{"rendered":"http:\/\/lioso.net\/?page_id=453"},"modified":"2011-06-10T19:13:20","modified_gmt":"2011-06-10T18:13:20","slug":"4%c2%ba-curso","status":"publish","type":"page","link":"https:\/\/lioso.net\/?page_id=453","title":{"rendered":"4\u00ba Curso"},"content":{"rendered":"<p>Las asignaturas del cuarto curso<\/p>\n<p>CAI<\/p>\n<ul>\n<li><a href=\"http:\/\/lioso.net\/wp-content\/uploads\/2009\/11\/cai.zip\">cai<\/a> <em>(Por benitocamelaya)<\/em><\/li>\n<\/ul>\n<p>Control Estad\u00edstico de Calidad<\/p>\n<ul>\n<li><a href=\"http:\/\/lioso.net\/wp-content\/uploads\/2009\/11\/calidad.zip\">calidad<\/a> <em>(Por benitocamelaya)<\/em><\/li>\n<\/ul>\n<p>Electr\u00f3nica Industrial<\/p>\n<ul>\n<li><a href=\"http:\/\/lioso.net\/wp-content\/uploads\/2009\/11\/electronica.zip\">electronica <em>(Por benitocamelaya)<\/em><\/a><\/li>\n<\/ul>\n<p>Maquinas El\u00e9ctricas<\/p>\n<ul>\n<li><a href=\"http:\/\/lioso.net\/wp-content\/uploads\/2009\/11\/maqelectric.zip\">maqelectric<\/a><em>(Por benitocamelaya)<\/em><\/li>\n<\/ul>\n<p>M\u00e1quinas Hidr\u00e1ulicas<\/p>\n<ul>\n<li><a href=\"http:\/\/lioso.net\/wp-content\/uploads\/2009\/11\/maqhidraulic1.zip\">maqhidraulic<\/a><em>(Por benitocamelaya)<\/em><\/li>\n<\/ul>\n<p>M\u00e1quinas T\u00e9rmicas<\/p>\n<ul>\n<li><a href=\"http:\/\/lioso.net\/wp-content\/uploads\/2009\/11\/maqterm1.zip\">maqterm<\/a><em>(Por benitocamelaya)<\/em><\/li>\n<\/ul>\n<p>M\u00e9todos Num\u00e9ricos<\/p>\n<ul>\n<li><a href=\"http:\/\/lioso.net\/wp-content\/uploads\/2009\/11\/metnumeric.zip\">metnumeric<\/a><em>(Por benitocamelaya)<\/em><\/li>\n<\/ul>\n<p>&nbsp;<\/p>\n<p>&nbsp;<\/p>\n","protected":false},"excerpt":{"rendered":"<p>Las asignaturas del cuarto curso CAI cai (Por benitocamelaya) Control Estad\u00edstico de Calidad calidad (Por benitocamelaya) Electr\u00f3nica Industrial electronica (Por benitocamelaya) Maquinas El\u00e9ctricas maqelectric(Por benitocamelaya) M\u00e1quinas Hidr\u00e1ulicas maqhidraulic(Por benitocamelaya) M\u00e1quinas T\u00e9rmicas maqterm(Por benitocamelaya) M\u00e9todos Num\u00e9ricos metnumeric(Por benitocamelaya) &nbsp; &nbsp;<\/p>\n","protected":false},"author":3,"featured_media":0,"parent":438,"menu_order":5,"comment_status":"open","ping_status":"open","template":"","meta":{"ngg_post_thumbnail":0,"footnotes":""},"_links":{"self":[{"href":"https:\/\/lioso.net\/index.php?rest_route=\/wp\/v2\/pages\/453"}],"collection":[{"href":"https:\/\/lioso.net\/index.php?rest_route=\/wp\/v2\/pages"}],"about":[{"href":"https:\/\/lioso.net\/index.php?rest_route=\/wp\/v2\/types\/page"}],"author":[{"embeddable":true,"href":"https:\/\/lioso.net\/index.php?rest_route=\/wp\/v2\/users\/3"}],"replies":[{"embeddable":true,"href":"https:\/\/lioso.net\/index.php?rest_route=%2Fwp%2Fv2%2Fcomments&post=453"}],"version-history":[{"count":0,"href":"https:\/\/lioso.net\/index.php?rest_route=\/wp\/v2\/pages\/453\/revisions"}],"up":[{"embeddable":true,"href":"https:\/\/lioso.net\/index.php?rest_route=\/wp\/v2\/pages\/438"}],"wp:attachment":[{"href":"https:\/\/lioso.net\/index.php?rest_route=%2Fwp%2Fv2%2Fmedia&parent=453"}],"curies":[{"name":"wp","href":"https:\/\/api.w.org\/{rel}","templated":true}]}}