{"id":478,"date":"2009-11-09T23:09:24","date_gmt":"2009-11-09T22:09:24","guid":{"rendered":"http:\/\/lioso.net\/?page_id=478"},"modified":"2010-07-22T21:11:46","modified_gmt":"2010-07-22T20:11:46","slug":"como-hacerse-chuletas","status":"publish","type":"page","link":"https:\/\/lioso.net\/?page_id=478","title":{"rendered":"COMO HACERSE CHULETAS"},"content":{"rendered":"<p><span style=\"font-family: Arial,Arial,Helvetica;\">Sois muchos los que pregunt\u00e1is como hacerse una chuleta (incluso hay algunos que preguntan si se puede hacer; ilusos de ellos no sabe que puedes meterte hasta 2 tomos de la asignatura mas pesada). He aqu\u00ed una peque\u00f1a ayuda para saber c\u00f3mo hacerse esos.. <em>APUNTES DE APOYO<\/em><\/span><\/p>\n<p><span style=\"font-family: Arial,Arial,Helvetica;\">B\u00e1sicamente existen dos m\u00e9todos para hacerlo:<\/span><\/p>\n<ol><span style=\"font-family: Arial,Arial,Helvetica;\"><\/p>\n<li>Con el programa HP PAD 48 para el PC<\/li>\n<li>Con la combinaci\u00f3n del WinHP en el PC y el TGV en la     calculadora. <em>M\u00e9todo m\u00e1s recomendado, al final es m\u00e1s r\u00e1pido y c\u00f3modo. Todo lo que suba a la p\u00e1gina viene hecho con esto m\u00e9todo.<\/em><\/li>\n<p><\/span><\/ol>\n<p><span style=\"font-family: Arial,Arial,Helvetica;\"><span style=\"font-size: large;\"><span style=\"text-decoration: underline;\">M\u00c9TODO F\u00c1CIL: HP PAD 48<\/span><\/span><\/span><\/p>\n<p><span style=\"font-family: Arial,Arial,Helvetica;\">Si, si.. ya s\u00e9 que pone \u00ab48\u00bb, y vosotros dir\u00e9is: \u00abPUES YO KIERO PARA LA 49, que por algo me he gastado mucho m\u00e1s dinero!!\u00bb. Con este programa os pod\u00e9is hacer las chuletas para la HP 49G. Para ello baj\u00e1roslo de <a href=\"http:\/\/web.archive.org\/web\/20071014005519\/http:\/\/es.geocities.com\/benito_camela_ya\/hp48pad23.zip\">aki<\/a>. Descomprimirlo en una carpeta, y ahora, para q funcione ten\u00e9is que agregar la fuente <em>HP48.TTF <\/em>a vuestro ordenador. No os asust\u00e9is, si es muy f\u00e1cil. Simplemente ir a PANEL DE CONTROL\/FUENTES, y luego a ARCHIVO\/INSTALAR UNA NUEVA FUENTE. Seleccionar el directorio donde hab\u00e9is descomprimido el progra<span style=\"color: #000000;\">ma y ya est\u00e1. Ahora pod\u00e9is darle q el programa se abrir\u00e1 perfectamente. Una vez abierto le dais a ARCHIVO\/NUEVO y saldr\u00e1 una linea as\u00ed:\u00a0 <strong><em>%%HP: T(1)A(D)F(,) <\/em><\/strong> ; Eso <span style=\"text-decoration: underline;\"> no<\/span> lo deb\u00e9is d tocar. Ahora abrir unas comillas dobles \u00bb escribir lo que quer\u00e1is, y cerrar las comillas dobles \u00ab. El archivo debe d tener esta forma:<\/span><\/span><\/p>\n<blockquote><p><span style=\"color: #000000;\"><span style=\"font-family: Arial,Arial,Helvetica;\"> <\/span><\/span><\/p>\n<p><span style=\"color: #000000;\"><span style=\"font-family: Arial,Arial,Helvetica;\"><strong>%%HP: T(1)A(D)F(,);<\/strong><\/span><\/span><\/p>\n<p><span style=\"color: #000000;\"><span style=\"font-family: Arial,Arial,Helvetica;\"> <\/span><\/span><\/p>\n<p><span style=\"color: #000000;\"><span style=\"font-family: Arial,Arial,Helvetica;\"><strong>\u00bb TEMA 1<\/strong><\/span><\/span><\/p>\n<p><span style=\"font-family: Arial,Arial,Helvetica;\"> <\/span><\/p>\n<p><span style=\"font-family: Arial,Arial,Helvetica;\"><strong>Las leyes d Newton dicen q&#8230;<\/strong><\/span><\/p>\n<p><span style=\"font-family: Arial,Arial,Helvetica;\"> <\/span><\/p>\n<p><span style=\"font-family: Arial,Arial,Helvetica;\"><strong>\u00ab<\/strong><\/span><\/p><\/blockquote>\n<p><span style=\"font-family: Arial,Arial,Helvetica;\">Ahora el archivo est\u00e1 listo para que lo envi\u00e9is a la calculadora con el PC Connectivity Kit (si no sabes como se hace, consulta <a href=\"http:\/\/lioso.net\/?page_id=478\">aqu\u00ed).<\/a><\/span><\/p>\n<p><span style=\"font-family: Arial,Arial,Helvetica;\"><span style=\"font-size: large;\"><span style=\"text-decoration: underline;\">M\u00c9TODO M\u00c1S CHUNGO: WINHP+TGV<\/span><\/span><\/span><\/p>\n<p><span style=\"font-family: Arial,Arial,Helvetica;\">Y si es m\u00e1s chungo dir\u00e9is: \u00bfPor qu\u00e9 este m\u00e9todo, si el otro es mejor? En <strong>COMPARACIONES<\/strong> (m\u00e1s abajo) ver\u00e9is el porque&#8230;<\/span><\/p>\n<p><span style=\"font-family: Arial,Arial,Helvetica;\">Para empezar bajaos los programas necesarios: <a href=\"http:\/\/prdownloads.sourceforge.net\/winhp\/WinHP35b2sp.zip\">WINHP<\/a>, <a href=\"http:\/\/winhp.sourceforge.net\/viewers\/tgv49.zip\">TGV<\/a> y <a href=\"http:\/\/www.softonic.com\/informacion_extendida.phtml?n_id=5219&amp;plat=1\">Streap Poker<\/a> (para no aburrirnos entre chuleta y chuleta). Instalaos el WINHP en el ordenador, como si fuera un programa normal, y el TGV en la HP, si no sabes como en &#8212;&#8212;&#8212;&#8212;- explica c\u00f3mo. <\/span><\/p>\n<p><span style=\"font-family: Arial,Arial,Helvetica;\">Abrir el WINHP e ir a ARCHIVO\/NUEVO\/ARCHIVO TGV. Os aparecer\u00e1 una pantalla blanca con una linea vertical q la atraviesa. Esta l\u00ednea representa el ancho d la pantalla de la HP. Mas a la derecha d la linea no ver\u00e9is si no os mov\u00e9is con el cursor, por eso siempre es m\u00e1s c\u00f3modo trabajar de la linea para la izquierda. Arriba a la derecha ver\u00e9is unos iconos as\u00ed: <img loading=\"lazy\" decoding=\"async\" title=\"iconos\" src=\"http:\/\/lioso.net\/wp-content\/uploads\/2009\/11\/iconos.jpg\" alt=\"iconos\" width=\"77\" height=\"27\" \/>El de la izquierda pondr\u00e1 la linea justo con el ancho de la pantalla, y el de la derecha la pondr\u00e1 lo mas a la derecha posible. Recomiendo usar el icono de la izquierda y no pasarse de la l\u00ednea cuando escribamos, porque sino tendremos ueq estar desplaz\u00e1ndonos hacia la derecha para ver el texto\/dibujos\/formulas.<\/span><\/p>\n<p><span style=\"font-family: Arial,Arial,Helvetica;\">Lo que caracteriza el WinHP es que puede usar 4 tipos d fuentes. Aparecen por defecto una normal, una negrita y dos para sub y supra indice. As\u00ed, ecuaciones como la del Gas Perfecto para el estado 2 podemos ponerla sin mas que utilizar la fuente adecuada para cada letra, como en el <em>Word<\/em>. Por ejemplo as\u00ed:<\/span><\/p>\n<p style=\"text-align: center;\"><span style=\"font-family: Arial,Arial,Helvetica;\"><a href=\"http:\/\/lioso.net\/wp-content\/uploads\/2009\/11\/GASPERFEC.jpg\"><img loading=\"lazy\" decoding=\"async\" class=\"size-full wp-image-482  aligncenter\" title=\"GASPERFEC\" src=\"http:\/\/lioso.net\/wp-content\/uploads\/2009\/11\/GASPERFEC.jpg\" alt=\"GASPERFEC\" width=\"183\" height=\"71\" \/><\/a><\/span><\/p>\n<p><span style=\"font-family: Arial,Arial,Helvetica;\">Donde GASES PERFECTOS est\u00e1 escrito con la letra FONT 1; P,V,n,=,R y la T est\u00e1n escritas con NORMAL; y los sub\u00edndices 2 con la letra SUBSCRIPT. El recuadro lo he hecho con los caracteres de la fuente FONT 1. Como veis tambi\u00e9n pod\u00e9is hacer que est\u00e9 en negrita, subrayado y dos tipos de cursiva. <\/span><\/p>\n<p><!--mstheme--><\/p>\n<table border=\"0\" width=\"100%\">\n<tbody>\n<tr>\n<td width=\"64%\" valign=\"top\"><!--mstheme--><span style=\"font-family: Arial,Arial,Helvetica;\">Lo       que m\u00e1s destaca d este programa es la posibilidad de a\u00f1adir grobs, es       decir, im\u00e1genes. Para ello has d ir al Paint y hacer una imagen de       130&#215;60 pixeles (dentro del PAINT, IMAGEN\/ATRIBUTOS) para que llene toda la       pantalla, si lo haces m\u00e1s grande tendr\u00e1s que moverte con el cursor para       ver toda la imagen. Es importante que sepas que solo admite dos colores:       blanco y negro, as\u00ed que todo lo que no sea blanco puro, lo tomar\u00e1 como       negro, y si hab\u00e9is escaneado alg\u00fan dibujo puede que no salga bien. Tendr\u00edais       que ir primero al PAINT (o otro programa d dibujo) y pasarlo a Blanco y       Negro, nada de grises. A la derecha hay un ejemplo sobre un dibujo hecho por mi. Entonces, para meter un grob, dibujarlo en el Paint, y luego en el       WINHP ves a TGV\/INSERTAR GROB. El grob te aparecer\u00e1 en la pantalla.<\/span><span style=\"font-family: Arial,Arial,Helvetica;\">Una vez tienes creado el formulario le das a ARCHIVO\/ENVIAR. Seleccionas el puerto, la calculadora, y en SELECCIONAR LOS ARCHIVOS A ENVIAR, la 1\u00aa vez seleccionar los 4; pero las siguientes veces solo ten\u00e9is q enviar ARCHIVO ACTUAL. Poner la calculadora en modo Servidor (Rojo, y sin soltar cursor derecha), y el archivo se os enviar\u00e1. <\/span><\/p>\n<p><span style=\"font-family: Arial,Arial,Helvetica;\"><strong><span style=\"text-decoration: underline;\">NOTA<\/span><\/strong>:       Es posible q al enviar el archivo aparezca un mensaje de error que dice algo       de <em>NOMBRE INV\u00c1LIDO <\/em>o <em>MENSAJE DE ERROR DESDE LA CALCULADORA<\/em>,       algo as\u00ed. Si ocurre esto, probar a quitarle la extensi\u00f3n al archivo y       enviarlo con el WinHP, o si no os aclar\u00e1is porque no tiene extensi\u00f3n, pues con       el PC Connectivity Kit. <em>(Nota no \u00fatil, vamos, que no conozco a nadie que le halla pasado)<\/em><!--mstheme--><\/span><\/td>\n<td width=\"36%\"><!--mstheme--><span style=\"font-family: Arial,Arial,Helvetica;\"> <\/span><\/p>\n<p><span style=\"font-family: Arial,Arial,Helvetica;\"><img loading=\"lazy\" decoding=\"async\" class=\"alignleft size-full wp-image-483\" title=\"ejemplogrob\" src=\"http:\/\/lioso.net\/wp-content\/uploads\/2009\/11\/ejemplogrob.jpg\" alt=\"ejemplogrob\" width=\"257\" height=\"394\" srcset=\"https:\/\/lioso.net\/wp-content\/uploads\/2009\/11\/ejemplogrob.jpg 257w, https:\/\/lioso.net\/wp-content\/uploads\/2009\/11\/ejemplogrob-195x300.jpg 195w\" sizes=\"(max-width: 257px) 100vw, 257px\" \/><!--mstheme--><\/span><\/td>\n<\/tr>\n<\/tbody>\n<\/table>\n<p><!--mstheme--><span style=\"font-family: Arial,Arial,Helvetica;\"> <\/span><\/p>\n<p><em>Ahora solo os queda pasar los archivos a la calculadora, el como aqu\u00ed <a href=\"http:\/\/lioso.net\/?page_id=478\">tutorial<\/a><\/em><\/p>\n<p><span style=\"font-size: large;\"><span style=\"text-decoration: underline;\">COMPARACIONES<\/span><\/span><\/p>\n<p>Si lo que quer\u00e9is es meteros texto y m\u00e1s texto, entonces es aconsejable usar el HP PAD 48, porque es menos lioso, y ocupa menos memoria. Pero si vais a meter m\u00e1s formulas q texto, y necesit\u00e1is dibujos explicativos etc, entonces usar el TGV+WINHP. Las ventajas hablan por si solas: (<em>Nota Lioso: Usar siempre el TGV)<\/em><\/p>\n<p><!--mstheme--><\/p>\n<table border=\"0\" width=\"100%\">\n<tbody>\n<tr>\n<td width=\"50%\"><!--mstheme--><span style=\"font-family: Arial,Arial,Helvetica;\"> <\/span><\/p>\n<p><span style=\"font-family: Arial,Arial,Helvetica;\"><img loading=\"lazy\" decoding=\"async\" class=\"alignleft size-full wp-image-484\" title=\"ejemplogrob2\" src=\"http:\/\/lioso.net\/wp-content\/uploads\/2009\/11\/ejemplogrob2.jpg\" alt=\"ejemplogrob2\" width=\"301\" height=\"110\" srcset=\"https:\/\/lioso.net\/wp-content\/uploads\/2009\/11\/ejemplogrob2.jpg 301w, https:\/\/lioso.net\/wp-content\/uploads\/2009\/11\/ejemplogrob2-300x109.jpg 300w\" sizes=\"(max-width: 301px) 100vw, 301px\" \/><!--mstheme--><\/span><\/td>\n<td width=\"50%\"><!--mstheme--><span style=\"font-family: Arial,Arial,Helvetica;\"> <\/span><\/p>\n<p><span style=\"font-family: Arial,Arial,Helvetica;\"><img loading=\"lazy\" decoding=\"async\" class=\"alignleft size-full wp-image-611\" title=\"ejemplogrob3\" src=\"http:\/\/lioso.net\/wp-content\/uploads\/2009\/11\/ejemplogrob3.jpg\" alt=\"\" width=\"321\" height=\"112\" srcset=\"https:\/\/lioso.net\/wp-content\/uploads\/2009\/11\/ejemplogrob3.jpg 321w, https:\/\/lioso.net\/wp-content\/uploads\/2009\/11\/ejemplogrob3-300x104.jpg 300w\" sizes=\"(max-width: 321px) 100vw, 321px\" \/><br \/>\n<\/span><\/td>\n<\/tr>\n<\/tbody>\n<\/table>\n<p><em>Todo esto esta escrito por BenitoCamelaYa, he corregido las faltas ortogr\u00e1ficas y he a\u00f1adidos cosas, en cursiva.<\/em><\/p>\n","protected":false},"excerpt":{"rendered":"<p>Sois muchos los que pregunt\u00e1is como hacerse una chuleta (incluso hay algunos que preguntan si se puede hacer; ilusos de ellos no sabe que puedes meterte hasta 2 tomos de la asignatura mas pesada). He aqu\u00ed una peque\u00f1a ayuda para saber c\u00f3mo hacerse esos.. APUNTES DE APOYO B\u00e1sicamente existen dos m\u00e9todos para hacerlo: Con el [&hellip;]<\/p>\n","protected":false},"author":3,"featured_media":0,"parent":445,"menu_order":0,"comment_status":"open","ping_status":"open","template":"","meta":{"ngg_post_thumbnail":0,"footnotes":""},"_links":{"self":[{"href":"https:\/\/lioso.net\/index.php?rest_route=\/wp\/v2\/pages\/478"}],"collection":[{"href":"https:\/\/lioso.net\/index.php?rest_route=\/wp\/v2\/pages"}],"about":[{"href":"https:\/\/lioso.net\/index.php?rest_route=\/wp\/v2\/types\/page"}],"author":[{"embeddable":true,"href":"https:\/\/lioso.net\/index.php?rest_route=\/wp\/v2\/users\/3"}],"replies":[{"embeddable":true,"href":"https:\/\/lioso.net\/index.php?rest_route=%2Fwp%2Fv2%2Fcomments&post=478"}],"version-history":[{"count":0,"href":"https:\/\/lioso.net\/index.php?rest_route=\/wp\/v2\/pages\/478\/revisions"}],"up":[{"embeddable":true,"href":"https:\/\/lioso.net\/index.php?rest_route=\/wp\/v2\/pages\/445"}],"wp:attachment":[{"href":"https:\/\/lioso.net\/index.php?rest_route=%2Fwp%2Fv2%2Fmedia&parent=478"}],"curies":[{"name":"wp","href":"https:\/\/api.w.org\/{rel}","templated":true}]}}